02200
In base 12, what is -172 - -43574b?
435599
In base 14, what is 487 + 263a?
2ac3
In base 10, what is 0 + -7782018?
-7782018
In base 2, what is -1101001111000011100110111 - 10?
-1101001111000011100111001
In base 10, what is 1218 + -774682?
-773464
In base 16, what is -3 - -78959b?
789598
In base 16, what is -2bd25e59 + 0?
-2bd25e59
In base 2, what is 100111111001111011111010101 - -1?
100111111001111011111010110
In base 13, what is -359 + 63a9?
6050
In base 16, what is -35b1a + -12?
-35b2c
In base 15, what is 6a + -3813?
-3798
In base 6, what is -111535033451 + -1?
-111535033452
In base 3, what is -110001002200 - -1201102?
-102222101021
In base 4, what is 11001230302001 - -3?
11001230302010
In base 8, what is 1612603 + 104?
1612707
In base 15, what is 1bb1 + b51?
2812
In base 11, what is -4 + 49a16a1?
49a1698
In base 8, what is 1 + 221520226?
221520227
In base 3, what is 100111 + -10102112100?
-10102011212
In base 11, what is 707830 - -21?
707851
In base 6, what is -32024 - 235234?
-311302
In base 14, what is 31bd - -1c1?
33a0
In base 2, what is -10011010101100 + -1000001101?
-10100010111001
In base 16, what is -5 + -d6cbdd2?
-d6cbdd7
In base 9, what is -5 + -26844238?
-26844244
In base 16, what is 12735a74 + 1?
12735a75
In base 8, what is -3230212 - -20?
-3230172
In base 7, what is 51 - 164260?
-164206
In base 12, what is 9 + 396741?
39674a
In base 16, what is 2 + 2c5bb3?
2c5bb5
In base 9, what is -1453 + 17360?
15806
In base 10, what is 4348 - 6264?
-1916
In base 4, what is 30011231320 - 3?
30011231311
In base 9, what is -77182 - -1033?
-76148
In base 2, what is -1 + 1111001100100001011110?
1111001100100001011101
In base 4, what is 1310113100 + -1030?
1310112010
In base 15, what is c - 52562b?
-52561e
In base 8, what is 1264 + 426?
1712
In base 13, what is 1137316 + -c?
1137307
In base 3, what is -2002210221 + -20101022?
-2100012020
In base 11, what is 30a00952 - -4?
30a00956
In base 8, what is 64042 + 2772?
67034
In base 12, what is -19881 - 1844?
-1b505
In base 12, what is 5 - 10a797b?
-10a7976
In base 13, what is -2ab0 - -2835?
-278
In base 10, what is 173 - -7331877?
7332050
In base 6, what is -2115 + 12304?
10145
In base 4, what is -123112112333 + -11?
-123112113010
In base 8, what is 17316656 - 1?
17316655
In base 14, what is 20558 + ad?
20627
In base 12, what is -25311b + -1?
-253120
In base 3, what is -1011121011 - -20201212?
-220212022
In base 7, what is -10544 + -5005?
-15552
In base 10, what is -19 + 26105821?
26105802
In base 16, what is 2de - -217aea?
217dc8
In base 8, what is -6212 - -2005?
-4205
In base 2, what is -100100 + 10010111000010110010101?
10010111000010101110001
In base 2, what is 1010101 + 1111001010111101010?
1111001011000111111
In base 13, what is 3 - 10c4cc54?
-10c4cc51
In base 2, what is -1101000110101010011 - -110011111?
-1101000101110110100
In base 16, what is beb70 - -2c?
beb9c
In base 10, what is -25112 + 463?
-24649
In base 10, what is -1361 - -108876?
107515
In base 6, what is 10102250 + 142?
10102432
In base 2, what is 10110101 + 1101010011101111000?
1101010100000101101
In base 14, what is 2c8 - c149a?
-c11b2
In base 9, what is -35 - 5711074?
-5711120
In base 7, what is 1523120 - 2516?
1520301
In base 11, what is 8942 - 1165?
7788
In base 9, what is -636750 - 326?
-637176
In base 8, what is 52 + 256435?
256507
In base 4, what is 12000120 - 12323?
11321131
In base 6, what is 0 + -4124355154?
-4124355154
In base 3, what is -2 + 1120201212112?
1120201212110
In base 5, what is -220012311 - 31?
-220012342
In base 3, what is 12212122201 + 1102?
12212201010
In base 5, what is -2011140020 + -3?
-2011140023
In base 8, what is 2 + -102313017?
-102313015
In base 2, what is 1110000110000101100 - -1011011?
1110000110010000111
In base 12, what is 14 - 159b6417?
-159b6403
In base 11, what is -2 - -66520a4?
66520a2
In base 13, what is 56c6 + -6132?
-739
In base 7, what is 5 - -20132131?
20132136
In base 14, what is -b824c6 + 23?
-b824a3
In base 9, what is 23 + 1273287?
1273321
In base 8, what is -1307 - 23565?
-25074
In base 5, what is 43131023002 + 0?
43131023002
In base 8, what is -42350037 + 1?
-42350036
In base 9, what is 208861 - -8666?
218637
In base 6, what is -3 - -251552200?
251552153
In base 5, what is -132 - 221101031?
-221101213
In base 16, what is -e + -5a595?
-5a5a3
In base 15, what is -58921 + -55?
-58976
In base 6, what is 114 - -440400?
440514
In base 15, what is 21553bd - 5?
21553b8
In base 10, what is -4547 - -22774?
18227
In base 14, what is -8 - cb00b9?
-cb00c3
In base 16, what is -1e48 - 2ef?
-2137
In base 2, what is -100011101000100 + 10000110111?
-100001100001101
In base 7, what is -1 - 10206626015?
-10206626016
In base 9, what is 1756752714 + -3?
1756752711
In base 6, what is -202 - 14050041?
-14050243
In base 5, what is 4 + -2324011043?
-2324011034
In base 13, what is 4 + 256400?
256404
In base 10, what is 4 - -32869154?
32869158
In base 14, what is 20b2 + 564?
2636
In base 9, what is 50 - 504346?
-504286
In base 4, what is 22231003303 + 311?
22231010220
In base 11, what is 50a021 - -7a?
50a0a0
In base 2, what is 1110 + -10001001010110011001000111?
-10001001010110011000111001
In base 6, what is -3422513404 + 5?
-3422513355
In base 14, what is 3 + -22d7c5d?
-22d7c5a
In base 10, what is 131 - -121804?
121935
In base 10, what is 953 + 21214?
22167
In base 8, what is 17417 + -24472?
-5053
In base 7, what is -4165 - -22051?
14553
In base 2, what is -100101101100 + 10110000?
-100010111100
In base 8, what is -13520 + -43173?
-56713
In base 14, what is -69 + -b9c1d2?
-b9c25b
In base 3, what is -1001 + -2102020001001?
-2102020002002
In base 9, what is 33343767 + 10?
33343777
In base 7, what is -3 + 320440305?
320440302
In base 7, what is 332024 + -1333?
330361
In base 10, what is -13899 - 7261?
-21160
In base 14, what is -8d8 - d86?
-1880
In base 8, what is -4266402 - -3?
-4266377
In base 2, what is 111111001101001111001 + 11?
111111001101001111100
In base 13, what is -6345b8 - -c6?
-6344c2
In base 6, what is -254 + -5512220?
-5512514
In base 16, what is db + -184a47?
-18496c
In base 13, what is -12709 + -8c0c?
-1b618
In base 6, what is 255 + -10114514?
-10114215
In base 12, what is -249 + 285296?
285049
In base 4, what is 113110100 - -2112?
113112212
In base 12, what is -26 + 6b40b7?
6b4091
In base 7, what is -41205456 + -32?
-41205521
In base 6, what is -2513330 + -2123?
-2515453
In base 15, what is -2ae5 + 351?
-2794
In base 16, what is -243d86 - -13?
-243d73
In base 3, what is 2011012222000 - -12102?
2011020011102
In base 14, what is -9 + 907992?
907987
In base 10, what is -50681 - 312?
-50993
In base 3, what is -1 - 1001022120211111?
-1001022120211112
In base 14, what is 105 - 16959b?
-169496
In base 13, what is 39269 + -225?
39044
In base 13, what is 268 - b7a28?
-b7790
In base 12, what is -b8522 - -1?
-b8521
In base 8, what is -373573 - -43?
-373530
In base 7, what is 65115 - 1506?
63306
In base 12, what is 106705 - -5a7?
1070b0
In base 4, what is 1320 + 113212003?
113213323
In base 6, what is -2233242 + 2001?
-2231241
In base 8, what is 1640704627 - -3?
1640704632
In base 11, what is 0 - 1827549?
-1827549
In base 7, what is 1364322102 + 5?
1364322110
In base 6, what is -1055 - 22004211?
-22005310
In base 10, what is 135971 - 706?
135265
In base 5, what is -34 - -30420220001?
30420214412
In base 4, what is 1 + -1020013110?
-1020013103
In base 10, what is -3240 - -486?
-2754
In base 8, what is 0 - -107546022?
107546022
In base 8, what is -273 + 3003516?
3003223
In base 12, what is 2b57738 + -45?
2b576b3
In base 11, what is 205 - -6a92?
7197
In base 13, what is 5a2a6 - 18?
5a28b
In base 5, what is 4 + 40403120?
40403124
In base 12, what is -3 - 22a175a?
-22a1761
In base 16, what is -4c9e4d6 + -3?
-4c9e4d9
In base 16, what is 3af6bb2 - -4?
3af6bb6
In base 13, what is -321 - 263?
-584
In base 5, what is 21 + 20333022443?
20333023014
In base 3, what is -22110012 + 22200221?
20202
In base 14, what is -71da - -473?
-6b67
In base 6, what is 2 + 104504000?
104504002
In base 3, what is -2110102 - 10001001?
-12111110
In base 10, what is -8 + 5158829?
5158821
In base 11, what is 382 - -74a69?
75340
In base 6, what is -121 - -50552311?
50552150
In base 3, what is 1112220202 - -22220?
1120020122
In base